e remainder when 10 is divided by n?
4
Let y = -3 - -5. Let g(k) = 4*k**2 - 2*k + 6. What is the remainder when g(4) is divided by (44 - 1 - 1)/y?
20
Suppose 4*p - 115 + 15 = 0. Let i(b) = -b**2 + 8*b + 6. Calculate the remainder when p is divided by i(7).
12
Let p = -19 + 21. Suppose p*g = 64 + 24. Calculate the remainder when g is divided by 15.
14
Suppose 4*l + 5*r - 162 = 0, 2*l - l + 2*r = 42. What is the remainder when 187 is divided by l?
35
Let y(s) = -3*s + 2. Calculate the remainder when y(-2) is divided by 6 - (12/2 + -3).
2
Suppose -3*i - 4*n = -6*i + 47, -2*n = 3*i - 53. Let d be ((-64)/(-1))/((-6)/(-12)). Suppose -p - d = -5*p. What is the remainder when p is divided by i?
15
Let o(r) = -r**3 - 12*r**2 - r - 3. Calculate the remainder when o(-12) is divided by 9.
0
Suppose p + 105 = i, 277 = 4*i + 3*p - 157. Let u = -60 + i. Calculate the remainder when u is divided by 16.
15
What is the remainder when 93 is divided by 27/2 + -1 + 12/(-24)?
9
Let g = 88 - 85. Suppose 5*x = 4*n + 13, 0 = 2*n + 5*x - 4*x - 11. Calculate the remainder when g is divided by n.
0
Suppose 5*u - 168 = -103. Suppose 2*x - 78 = -x. Suppose 2*i - x = -3*o, -2*i = 4*o + i - 35. What is the remainder when u is divided by o?
5
Suppose -21*r + 40 = -16*r. What is the remainder when 55 is divided by r?
7
Suppose v = 3*v - 38. Let z = 1 + 1. Calculate the remainder when v is divided by (-1 + z)/(2/20).
9
Let k(z) = -z**2 - 4*z + 3. Let a be k(-4). Suppose -a*j + 3*i - 11 = -4*j, 0 = -i + 2. What is the remainder when 14 is divided by j?
4
Let s(q) = 11*q - 1. Let l be s(-3). Let w = l - -48. What is the remainder when 25 is divided by w?
11
Suppose 14 = -2*l + 58. What is the remainder when 84 is divided by l?
18
Let m = -16 + 20. Calculate the remainder when 39/4 - 2/(-8) is divided by m.
2
Let h(c) = -c**3 + 8*c**2 - 8*c + 10. What is the remainder when 9 is divided by h(7)?
0
Let k be (4/4)/(2/154). Suppose -x + 3 + 1 = 0. Suppose -4*c = -4*v + 100, 0 = 3*v - x*c + 3*c - k. What is the remainder when v is divided by 9?
8
Suppose 0*j - 95 = -5*j. What is the remainder when j is divided by 7?
5
Suppose 0 = 2*y + y - 102. Let k = y + -18. Suppose 0*x + 5*x - 30 = 0. Calculate the remainder when k is divided by x.
4
Let w(t) = -t - 1. Let s(l) = -l**2 - l - 5. Let z = 6 - 2. Let x(i) = z*w(i) - s(i). Calculate the remainder when x(6) is divided by 10.
9
Let f(m) = m**2 + 4*m + 5. Let h be f(-4). Let i(g) = 9*g - 5. Let q = -30 + 44. What is the remainder when i(h) is divided by q?
12
Let z = -33 - -54. What is the remainder when z is divided by 11?
10
Let g be (-4)/(-4)*(4 + 3). What is the remainder when (-1)/(((-28)/180)/g) is divided by 24?
21
Let s(l) = l**2 - 5*l + 6. Let c be s(5). Suppose -n + c = 2*n. What is the remainder when 49 is divided by (-1)/(n/(-4)) + 15?
15
Let r = -20 - -22. Suppose -3 = -5*h + 22. Calculate the remainder when h is divided by r.
1
Let i be -1 + 4 - (-2 + -2). Let p(j) = -j**3 + 9*j**2 - 9*j - 9. Let r be p(i). Suppose r = 4*x - 2*x. Calculate the remainder when x is divided by 5.
3
Let p(k) = -1. Let x(d) = -d + 12. Let i(n) = 2*p(n) + x(n). Calculate the remainder when i(-7) is divided by 6.
5
Suppose 2*g = -3*g - 4*t + 50, -t - 25 = -5*g. Calculate the remainder when (6/(-4))/(g/(-236)) is divided by 15.
14
Let f be ((-4)/(-6))/((-6)/(-81)). Suppose 0 = -5*g - 0*g - 2*p + 12, -f = -2*g - 5*p. Suppose 7*q = g*q + 220. Calculate the remainder when q is divided by 15.
14
Suppose f = 3, 2*a - f = -3*f + 34. Let x(n) = -n - 3. Let v be x(-8). Suppose -r - 2*r - 38 = -w, v*r + 46 = w. Calculate the remainder when w is divided by a.
12
Suppose -8*m - 1080 = -14*m. Calculate the remainder when m is divided by 61.
58
Suppose -p - 191 = 3*x - 0*x, 390 = -2*p - 2*x. Let l = -118 - p. What is the remainder when l is divided by 27?
25
Suppose -5*n - 4*a = 3, -4*a - 1 = 4*n + 3. What is the remainder when (-4)/(3 + (2 - 7)) is divided by n?
0
Suppose -104*v + 18 = -103*v. Suppose -2*t = 3*t + 165. Let j = -23 - t. What is the remainder when v is divided by j?
8
Suppose -3*z - 1 = -49. Let p = -151 + 157. Calculate the remainder when z is divided by p.
4
Let y(q) = -q**3 - 5*q**2 - 5*q - 5. Let a be y(-4). Let b be (a + (-2 - 6))/1. Let p = 1 - b. Calculate the remainder when p is divided by 4.
2
Suppose -w = -4 - 5. Suppose 2 = -10*a + 11*a. What is the remainder when ((-48)/w)/a*-12 is divided by 17?
15
Calculate the remainder when ((-80)/(-28))/((-2)/(-7)) is divided by 6.
4
Let u(d) = -5*d - 2. What is the remainder when u(-7) is divided by 17?
16
Let k(y) = y**2 + 2*y + 2. Let m be k(-2). Suppose -3*i = -i - m. Calculate the remainder when i is divided by (-4)/(-8) + 3/6.
0
Suppose x + x = 10. Let i be 1*(3 + -3 + 36). Suppose 0 = x*z - i - 84. Calculate the remainder when z is divided by 9.
6
Suppose -207 = -3*b + 3*d, -2*b - 2*d + 93 = -45. Calculate the remainder when b is divided by 18.
15
Suppose -j - 2*d + 7 = 1, 12 = 4*d. Suppose j*m = 2*m - 72. Calculate the remainder when m is divided by 19.
17
What is the remainder when (-13)/((-39)/(-8))*(-99)/4 is divided by 25?
16
Calculate the remainder when ((-111)/(-4))/(6/16) is divided by 19.
17
Suppose 9*a = u + 6*a - 5, -3*u - 2*a = -59. Suppose 117 + 143 = 4*o. Calculate the remainder when o is divided by u.
14
Let f(c) = -c**2 + 26. Let q be 16/6 + 10/(-15). Suppose y = q*y. What is the remainder when f(y) is divided by 14?
12
Suppose 4*w = 3*w + 7. Calculate the remainder when 20 is divided by w.
6
Let l = 192 - 175. Suppose -3*t - t = -264. Calculate the remainder when t is divided by l.
15
Let j = 0 + 4. Suppose -4*y - 61 = 23. Calculate the remainder when (1/3)/((-1)/y) is divided by j.
3
Let k = 25 + -15. Calculate the remainder when 157 is divided by k.
7
Suppose -12 = 4*c - 72. What is the remainder when 28 is divided by c?
13
Let d(s) = -s**2 + 9*s - 7. Let c(j) = 15*j**2 + 4*j + 3. Let b be c(-2). Suppose -b = -3*a - 16. What is the remainder when a is divided by d(7)?
6
Let d = -20 + 38. Let h = -13 + d. Calculate the remainder when h is divided by (-1)/((-1)/3 - 0).
2
Suppose -3*v + 2*h + 61 = 0, 3*v + 0*v = -h + 64. Suppose -5*p + 0*i = 3*i - 301, 0 = 4*i + 12. Calculate the remainder when p is divided by v.
20
Suppose 24 = -0*l - 4*l. Let o(f) = f + 7. Let s be o(l). Let v = 0 + s. Calculate the remainder when 2 is divided by v.
0
Let p(h) = 6*h**3 - 3*h**2 + 3*h - 1. Let w be p(2). Suppose -w - 51 = -2*t. Calculate the remainder when t is divided by 16.
14
Let y be (-32)/6*9/(-2). Let c be (y + 2)*(-3)/(-2). Let s = c + -16. Calculate the remainder when s is divided by 12.
11
Calculate the remainder when 24 is divided by ((-2)/(-4))/((-2)/(-36)).
6
Suppose 4*l - l - 205 = -4*m, 2*m - 3*l = 107. Calculate the remainder when m is divided by 11.
8
Suppose 0 = -j, -5*j = -5*u + 115 + 100. Let l(f) = f**2 + 15*f - 19. What is the remainder when u is divided by l(-17)?
13
Let u = -170 + 249. Suppose -14 = -3*v + u. What is the remainder when v is divided by 11?
9
Suppose -4*x - 14 = -2*y + 28, -3*y + 73 = 4*x. Suppose 0*c + 5*q - 1 = -c, 3 = 3*c - 4*q. Let a = 14 - c. What is the remainder when y is divided by a?
10
Let p(g) = g**3 + 7*g**2 + 9*g + 2. Calculate the remainder when 96 is divided by p(-4).
12
Let p = 5 + 0. Calculate the remainder when ((-2)/(-6))/(7/147) is divided by p.
2
Suppose 4*g + 16 = 4*k, 5*g = -3*k - 0*g + 36. What is the remainder when k is divided by 4?
3
Let q = 10 - 5. Suppose 5*s - u = 4*s - q, -3*s - 4*u + 20 = 0. What is the remainder when 2 is divided by 4/1 + -2 + s?
0
Let s(t) = 14*t**2 + 2*t + 2. Suppose n + 3*n + 4 = 0. What is the remainder when 25 is divided by s(n)?
11
Let z = -67 - -94. Suppose -7*n + 34 = -36. What is the remainder when z is divided by n?
7
Let o = 3 - 4. Let x(z) = -3*z**3 - 2*z - 1. Let h be x(o). Suppose -146 = -3*b - h*q, 4*b - q - 64 = 118. Calculate the remainder when b is divided by 16.
14
Let h = -11 - -22. Calculate the remainder when h is divided by 7.
4
Let s(k) = 2*k + 21. Suppose -j - 10 = 3*a, a - 4*a - 4 = 4*j. Calculate the remainder when s(-9) is divided by j.
1
Suppose -5*p + 164 = 2*t, 5*p - 135 - 27 = -t. What is the remainder when 61 is divided by p?
29
Calculate the remainder when 27 is div